ommon divisor of 409654014 and 154?
154
Calculate the greatest common divisor of 2240 and 3171.
7
Calculate the greatest common divisor of 9523548 and 6.
6
Calculate the highest common factor of 1291565 and 220.
55
What is the greatest common divisor of 1702 and 1041440?
46
Calculate the highest common divisor of 55445 and 35011385.
4265
What is the highest common factor of 7350 and 508890?
30
Calculate the greatest common divisor of 316128 and 230448.
48
Calculate the greatest common factor of 6496 and 16384.
32
Calculate the highest common factor of 18 and 54280809.
9
Calculate the highest common divisor of 476 and 1610036.
68
What is the highest common divisor of 6 and 57079458?
6
Calculate the highest common divisor of 97055 and 826236.
59
Calculate the greatest common divisor of 460 and 563516445.
115
What is the greatest common divisor of 54 and 5925741?
3
What is the highest common factor of 5918475 and 94?
47
What is the highest common factor of 426693603 and 19828?
4957
What is the highest common divisor of 13872 and 2792352?
816
Calculate the highest common factor of 16792 and 7520717.
2099
Calculate the greatest common factor of 3768768 and 196992.
5184
What is the highest common divisor of 28620198 and 618?
618
Calculate the greatest common divisor of 36 and 243075834.
18
Calculate the highest common factor of 2014248 and 96.
24
What is the greatest common factor of 732 and 80956?
4
Calculate the highest common factor of 7552611 and 264.
33
Calculate the highest common factor of 29748246 and 3036.
1518
What is the highest common factor of 483500 and 99250?
250
What is the greatest common factor of 1193453 and 40448?
79
Calculate the highest common divisor of 14 and 214417399.
7
What is the greatest common factor of 7878787 and 1862?
133
What is the greatest common factor of 16512 and 1359456?
96
Calculate the greatest common divisor of 259 and 2989489.
37
What is the highest common factor of 17870748 and 13983?
237
What is the highest common factor of 465 and 258943620?
465
Calculate the highest common divisor of 4883768843 and 349.
349
Calculate the greatest common divisor of 595742088 and 72.
24
What is the highest common factor of 1754264 and 176?
8
What is the highest common divisor of 580 and 138347980?
580
Calculate the highest common factor of 142694150 and 1550.
50
What is the greatest common factor of 143960 and 7215080?
2440
What is the highest common factor of 4727716 and 3136?
196
Calculate the greatest common factor of 144192 and 206400.
192
What is the highest common divisor of 4877747 and 2545?
509
What is the greatest common divisor of 25571 and 1512623?
1967
What is the highest common factor of 174405 and 18260?
55
Calculate the greatest common divisor of 247646 and 44227554.
5054
Calculate the greatest common divisor of 6682387 and 979.
89
What is the highest common divisor of 582831 and 2976?
93
What is the highest common divisor of 81738040 and 710?
710
Calculate the greatest common divisor of 80 and 11125580.
20
Calculate the highest common divisor of 169984 and 81506.
166
Calculate the highest common divisor of 572412477 and 25116.
6279
Calculate the greatest common divisor of 855443 and 71780.
97
What is the greatest common factor of 1196732 and 68?
68
Calculate the highest common divisor of 43 and 5089430464.
43
Calculate the highest common factor of 11683694 and 2552.
638
Calculate the highest common divisor of 812 and 15554588.
28
What is the greatest common factor of 10616 and 9078007?
1327
What is the highest common factor of 2899 and 251511?
13
What is the greatest common divisor of 658236 and 893?
19
Calculate the greatest common divisor of 3175265 and 26105.
115
What is the greatest common divisor of 40367460 and 17394?
1338
Calculate the greatest common factor of 34352 and 2972352.
1808
Calculate the greatest common divisor of 14 and 145605957.
7
What is the greatest common factor of 41484000 and 765?
15
What is the greatest common divisor of 49857571 and 4877?
4877
Calculate the greatest common divisor of 40 and 3301432.
8
Calculate the highest common divisor of 10710 and 68550426.
2142
Calculate the highest common factor of 68 and 2300321.
17
What is the highest common divisor of 194264 and 49928?
8
Calculate the highest common factor of 1657700 and 548.
548
Calculate the greatest common divisor of 176588700 and 18960.
4740
What is the greatest common divisor of 488 and 7216788?
244
Calculate the highest common factor of 118110653 and 419.
419
What is the greatest common divisor of 13328 and 38306338?
1666
What is the greatest common factor of 1529 and 49619942?
139
What is the greatest common factor of 1300214 and 6?
2
Calculate the greatest common factor of 58546 and 50125.
401
Calculate the greatest common divisor of 5073 and 315039.
57
Calculate the greatest common divisor of 1280 and 38761920.
320
What is the highest common divisor of 1587 and 275763?
3
What is the highest common divisor of 124520 and 7755?
55
What is the greatest common divisor of 1508 and 258716134?
58
What is the highest common factor of 12 and 28263960?
12
Calculate the highest common divisor of 53235457 and 11.
11
Calculate the highest common factor of 14013 and 18936.
9
Calculate the highest common factor of 753508 and 3808.
476
What is the greatest common factor of 10848 and 15665642?
226
Calculate the highest common divisor of 12775 and 281216075.
12775
Calculate the greatest common factor of 16135 and 5069617.
3227
Calculate the greatest common divisor of 8671962 and 75.
3
Calculate the highest common divisor of 5333718 and 1716.
78
Calculate the highest common divisor of 72 and 512339496.
24
Calculate the highest common factor of 43150 and 36800909.
863
Calculate the greatest common divisor of 114133296 and 24816.
2256
What is the greatest common factor of 10907543 and 5152?
23
Calculate the greatest common divisor of 23 and 38500919.
23
Calculate the highest common divisor of 71117 and 24548.
361
Calculate the greatest common factor of 6488790 and 1832952.
3498
What is the greatest common factor of 22 and 52550894?
22
Calculate the highest common factor of 8928816 and 32.
16
Calculate the highest common divisor of 2413 and 621319.
19
Calculate the greatest common divisor of 2515800 and 1792.
56
Calculate the highest common divisor of 72 and 26096454.
18
Calculate the highest common divisor of 4995 and 175554.
27
What is the highest common factor of 125993656 and 103689?
11521
What is the greatest common divisor of 10675044 and 216?
108
Calculate the highest common divisor of 2121 and 13649.
1
Calculate the highest common factor of 109713019 and 136.
17
Calculate the highest common factor of 22716 and 25604718.
3786
What is the greatest common factor of 12775 and 959147?
511
Calculate the highest common factor of 2911414 and 1534.
118
What is the highest common divisor of 178 and 12098126?
178
What is the highest common divisor of 139811670 and 1620?
810
What is the greatest common factor of 673 and 306818681?
673
Calculate the greatest common factor of 95796765 and 570.
285
What is the greatest common divisor of 8898172 and 232480?
5812
Calculate the highest common divisor of 2205 and 4053645.
45
Calculate the greatest common factor of 59749 and 86867.
149
Calculate the highest common divisor of 1265 and 11023969.
253
What is the greatest common factor of 1470 and 101647770?
210
Calculate the greatest common divisor of 573756 and 16.
4
Calculate the greatest common factor of 3917139 and 96.
3
Calculate the highest common divisor of 1389506 and 1479.
29
Calculate the highest common divisor of 8874 and 26839906.
986
Calculate the highest common divisor of 162 and 42523218.
162
What is the greatest common factor of 2541 and 1051611?
363
Calculate the greatest common factor of 581 and 2821.
7
What is the highest common factor of 1929070 and 39?
13
What is the greatest common divisor of 578604 and 111774?
78
Calculate the highest common divisor of 12795 and 812909.
853
What is the highest common divisor of 16 and 68399984?
16
What is the greatest common factor of 1032975 and 27891?
9
Calculate the greatest common factor of 22184555 and 5.
5
Calculate the greatest common divisor of 71912792 and 392.
392
Calculate the